 a prime number?
True
Is 1402214395 a composite number?
True
Is 5240236793 composite?
True
Is 54481093 composite?
True
Is 160827154489 composite?
True
Is 753805133 composite?
False
Is 4737484438 prime?
False
Is 8006538173 a prime number?
False
Is 1029994223 composite?
False
Is 10220679017 a prime number?
False
Is 1286662603 composite?
False
Is 25086924767 prime?
True
Is 97003353703 a prime number?
True
Is 1913215517 a composite number?
True
Is 1589664217 a composite number?
True
Is 209597959 a prime number?
True
Is 58050206329 a prime number?
True
Is 101026267 a prime number?
True
Is 1265168527 a composite number?
True
Is 3126961451 composite?
False
Is 6661392811 a prime number?
True
Is 196332363937 prime?
True
Is 7935063011 a prime number?
True
Is 59233829467 prime?
False
Is 11691125009 a prime number?
False
Is 4907274121 a prime number?
False
Is 65447220707 a composite number?
True
Is 2896308754 composite?
True
Is 24084439 composite?
False
Is 109694184541 a prime number?
True
Is 45226297651 prime?
False
Is 5174969 prime?
False
Is 2296658153 a composite number?
False
Is 2176822871 prime?
True
Is 11699067062 prime?
False
Is 191030423669 prime?
False
Is 34992469023 prime?
False
Is 73497330077 prime?
True
Is 92065049 prime?
False
Is 18366351097 prime?
True
Is 1089392041 a prime number?
False
Is 8631170939 a prime number?
False
Is 139167107 prime?
False
Is 3251651863 a prime number?
False
Is 467827939 a composite number?
True
Is 1260997697 a composite number?
True
Is 8847758397 a prime number?
False
Is 13886314769 prime?
False
Is 2753330357 composite?
True
Is 44751501449 composite?
False
Is 16247782423 a composite number?
False
Is 3217754231 a composite number?
False
Is 256437631 a composite number?
True
Is 7580243371 composite?
False
Is 3264090251 a composite number?
False
Is 148164411935 composite?
True
Is 4228051037 a prime number?
False
Is 8897200969 a prime number?
True
Is 2801998733 a composite number?
True
Is 4400348677 composite?
True
Is 662656861 composite?
False
Is 3327690759 prime?
False
Is 46746472319 a prime number?
True
Is 3142411301 a prime number?
True
Is 1045078087 a composite number?
False
Is 4978084163 a composite number?
True
Is 1544392649 a composite number?
True
Is 5377978943 a composite number?
False
Is 9270329713 prime?
True
Is 393979829 a prime number?
True
Is 8765064611 composite?
False
Is 2656645487 a prime number?
True
Is 2270748827 composite?
False
Is 37397082577 a composite number?
False
Is 85961918551 prime?
False
Is 24054110221 composite?
True
Is 43371715771 composite?
True
Is 2817101279 prime?
False
Is 1124235049 composite?
True
Is 444098491 a prime number?
False
Is 40385023057 a prime number?
True
Is 4115938109 a composite number?
True
Is 1572080903 composite?
True
Is 2712610919 a prime number?
True
Is 5594621899 composite?
False
Is 60446083387 a composite number?
True
Is 10423001651 composite?
True
Is 10124933923 a composite number?
True
Is 52470239 composite?
True
Is 454022489 a composite number?
True
Is 9488759195 a composite number?
True
Is 14967476449 prime?
False
Is 136115467 prime?
False
Is 22548266086 prime?
False
Is 796908419 a prime number?
True
Is 9508700159 prime?
False
Is 229027620563 a composite number?
True
Is 4684060639 composite?
True
Is 4337649917 prime?
True
Is 421769783 a composite number?
False
Is 34308788237 a composite number?
True
Is 3251427887 composite?
True
Is 24067920517 prime?
True
Is 1044569809 a composite number?
False
Is 9846692399 composite?
True
Is 104419411 a composite number?
False
Is 6900237203 prime?
True
Is 11146403 a composite number?
False
Is 524798341 composite?
False
Is 106161217 a composite number?
True
Is 1017794189 prime?
False
Is 10737589391 a composite number?
True
Is 6039952403 prime?
False
Is 613453177 a composite number?
True
Is 129713132963 a composite number?
True
Is 2447668813 prime?
True
Is 1249174301 prime?
True
Is 1249283639 prime?
True
Is 4434680689 prime?
False
Is 19457371355 prime?
False
Is 2202167207 a prime number?
True
Is 2282173703 composite?
False
Is 242886377 prime?
True
Is 64632591623 a prime number?
True
Is 20022504598 a prime number?
False
Is 26277838091 prime?
False
Is 529856351 composite?
False
Is 6185858321 prime?
True
Is 37464427073 a prime number?
True
Is 906428603 prime?
True
Is 362808528385 a prime number?
False
Is 26909293643 a prime number?
True
Is 53883691 a prime number?
True
Is 21799468181 prime?
False
Is 2672983337 a prime number?
True
Is 146612753377 prime?
True
Is 8371744937 a prime number?
True
Is 14042906329 composite?
False
Is 15795966077 prime?
False
Is 42542773067 a composite number?
False
Is 2078930171 a prime number?
True
Is 4731545177 a prime number?
True
Is 116294257 a prime number?
False
Is 1176699893 composite?
False
Is 4324421 prime?
False
Is 1060158401 composite?
False
Is 5965944041 composite?
True
Is 324897869 prime?
True
Is 48906343329 composite?
True
Is 50986189 a composite number?
False
Is 8407931561 composite?
False
Is 164169763 prime?
False
Is 91091146061 a composite number?
True
Is 32414745817 a prime number?
True
Is 895247827 composite?
False
Is 3277774451 composite?
True
Is 4540325759 a composite number?
True
Is 121371557 a prime number?
True
Is 111025737553 composite?
True
Is 351871229 prime?
False
Is 86852449 a composite number?
True
Is 25704816953 composite?
True
Is 33040261117 a composite number?
True
Is 760739761 prime?
True
Is 80867850913 composite?
False
Is 320756347 prime?
False
Is 2639782901 a composite number?
True
Is 1946612293 composite?
False
Is 3634581479 prime?
False
Is 368504531 a prime number?
False
Is 861973103 a prime number?
True
Is 573153811 a composite number?
False
Is 5008773059 composite?
False
Is 815254103 prime?
True
Is 4239175453 a composite number?
False
Is 11198292529 a prime number?
False
Is 870398059 composite?
True
Is 48579110513 composite?
True
Is 366198467 prime?
False
Is 74522627767 composite?
True
Is 95874257509 prime?
True
Is 1081421557 prime?
True
Is 6963624427 a composite number?
False
Is 1128973191 a prime number?
False
Is 37424527697 composite?
False
Is 574622761 prime?
True
Is 79705127833 composite?
False
Is 7496314346 a composite number?
True
Is 67069988294 composite?
True
Is 6292599167 a composite number?
False
Is 90088333 a composite number?
False
Is 1042630153 a composite number?
True
Is 393662359 prime?
False
Is 10052186123 prime?
False
Is 40785051019 a prime number?
True
Is 3657342913 prime?
False
Is 8203733339 a composite number?
True
Is 3521448643 a composite number?
True
Is 5943570013 a prime number?
True
Is 8117111927 composite?
True
Is 31308271114 a composite number?
True
Is 305652443 a prime number?
False
Is 9387135719 a prime number?
False
Is 34667685706 composite?
True
Is 140547530213 composite?
True
Is 430758407 prime?
False
Is 5226420631 composite?
False
Is 1651410401 prime?
False
Is 3784978069 prime?
True
Is 25786530103 composite?
True
Is 298302701 prime?
False
Is 2785832509 a prime number?
True
Is 45607124447 a composite number?
True
Is 44111156305 composite?
True
Is 13329314261 prime?
False
Is 441231886 a composite number?
True
Is 886789121 a composite number?
True
Is 2471151295 a prime number?
False
Is 540091493 composite?
False
Is 1555650449 prime?
True
Is 652799801 prime?
False
Is 243734175151 a composite number?
False
Is 101011758131 prime?
True
Is 9040726007 prime?
False
Is 4545298057 prime?
True
Is 2847494054 composite?
True
Is 7629861721 composite?
False
Is 31344301003 a prime number?
False
Is 5312696057 composite?
True
Is 5669023747 a prime number?
True
Is 9424058173 a prime number?
True
Is 122015497 prime?
True
Is 15814471819 a prime number?
True
Is 190673663 composite?
True
Is 304041013 a prime number?
True
Is 1443616709 composite?
False
Is 3815375537 prime?
True
Is 50878935539 a composite number?
False
Is 2370235961 a composite number?
False
Is 694437011 a composite number?
False
Is 45021343 composite?
False
Is 4696508273 a prime number?
True
Is 15290159677 a composite number?
True
Is 3250795133 prime?
False
Is 6085034833 composite?
False
Is 6643105961 a prime number?
True
Is 11586202129 prime?
True
Is 4404325699 composite?
True
Is 17821098689 composite?
False
Is 15156030137 composite?
False
Is 2746534837 composite?
True
Is 506430285